{"id":16,"date":"2023-11-16T15:36:46","date_gmt":"2023-11-16T15:36:46","guid":{"rendered":"https:\/\/www.brillen-kratzmann.de\/cms-new\/?page_id=16"},"modified":"2024-12-21T15:50:10","modified_gmt":"2024-12-21T15:50:10","slug":"ueber-uns","status":"publish","type":"page","link":"https:\/\/www.brillen-kratzmann.de\/cms\/ueber-uns\/","title":{"rendered":"\u00dcber uns"},"content":{"rendered":"<p>[et_pb_section fb_built=&#8220;1&#8243; _builder_version=&#8220;4.23.1&#8243; _module_preset=&#8220;default&#8220; custom_padding=&#8220;||17px|||&#8220; border_width_left=&#8220;15px&#8220; border_color_left=&#8220;#E02B20&#8243; global_colors_info=&#8220;{}&#8220;][et_pb_row column_structure=&#8220;2_3,1_3&#8243; _builder_version=&#8220;4.23.1&#8243; _module_preset=&#8220;default&#8220; custom_padding=&#8220;||70px|||&#8220; global_colors_info=&#8220;{}&#8220;][et_pb_column type=&#8220;2_3&#8243; _builder_version=&#8220;4.23.1&#8243; _module_preset=&#8220;default&#8220; global_colors_info=&#8220;{}&#8220;][et_pb_text _builder_version=&#8220;4.23.1&#8243; _module_preset=&#8220;default&#8220; header_font_size=&#8220;50px&#8220; global_colors_info=&#8220;{}&#8220;]<\/p>\n<h1>\u00dcber uns<\/h1>\n<h2>Wer wir sind und was uns ausmacht<\/h2>\n<p>[\/et_pb_text][et_pb_text _builder_version=&#8220;4.23.1&#8243; _module_preset=&#8220;default&#8220; custom_margin=&#8220;||4px|||&#8220; custom_padding=&#8220;2px|||||&#8220; global_colors_info=&#8220;{}&#8220;]<\/p>\n<p><strong>Seit \u00fcber 70 Jahren<\/strong> ist Brillen Kratzmann Ihr Fachgesch\u00e4ft<br \/>f\u00fcr perfektes Sehen. Direkt im Herzen von Stuttgart,<br \/>mit Blick auf das neue und alte Schloss, bieten wir ihnen alles <br \/>rund um das Thema Sehen.<\/p>\n<p>Die Bandbreite unserer Kompetenzen geht weit \u00fcber Brillen,<br \/>Kontaktlinsen, Ferngl\u00e4ser, Teleskope und Lupen hinaus.<\/p>\n<p><strong><span style=\"color: #e02b20;\">Unser langj\u00e4hriges, erfahrenes \u00a0Team freut sich auf Ihren Besuch!<\/span><\/strong><\/p>\n<ul><\/ul>\n<p>[\/et_pb_text][\/et_pb_column][et_pb_column type=&#8220;1_3&#8243; _builder_version=&#8220;4.23.1&#8243; _module_preset=&#8220;default&#8220; global_colors_info=&#8220;{}&#8220;][et_pb_image src=&#8220;https:\/\/www.brillen-kratzmann.de\/cms\/wp-content\/uploads\/2024\/01\/Brillen-Kratzmann-Aussenansicht-20240102_111717_resized.jpg&#8220; title_text=&#8220;Brillen-Kratzmann-Aussenansicht-20240102_111717_resized&#8220; _builder_version=&#8220;4.23.1&#8243; _module_preset=&#8220;default&#8220; border_radii=&#8220;on|25px|25px|25px|25px&#8220; global_colors_info=&#8220;{}&#8220;][\/et_pb_image][\/et_pb_column][\/et_pb_row][et_pb_row column_structure=&#8220;1_2,1_2&#8243; _builder_version=&#8220;4.23.1&#8243; _module_preset=&#8220;default&#8220; global_colors_info=&#8220;{}&#8220;][et_pb_column type=&#8220;1_2&#8243; _builder_version=&#8220;4.23.1&#8243; _module_preset=&#8220;default&#8220; global_colors_info=&#8220;{}&#8220;][et_pb_text ul_type=&#8220;square&#8220; ul_position=&#8220;inside&#8220; ul_item_indent=&#8220;19px&#8220; _builder_version=&#8220;4.23.1&#8243; _module_preset=&#8220;default&#8220; custom_margin=&#8220;||88px|||&#8220; custom_padding=&#8220;||||false|false&#8220; global_colors_info=&#8220;{}&#8220;]<\/p>\n<h3>\u00a0Unsere <span>Firmen-Chronik<\/span><\/h3>\n<ul>\n<li>1989 erfolge die \u00dcbernahmen durch den heutigen Inhaber \u00a0Martin<br \/>Locher. Damit wird die Tradition des Hauses weiter gef\u00fchrt.<\/li>\n<li>Brillen Kratzmann ist ein 1952 von G\u00fcnther Kratzmann \u00a0gegr\u00fcndetes<br \/>mittelst\u00e4ndisches\u00a0Unternehmen<\/li>\n<\/ul>\n<p>[\/et_pb_text][et_pb_image src=&#8220;https:\/\/www.brillen-kratzmann.de\/cms\/wp-content\/uploads\/2023\/11\/brillen-de2.png&#8220; title_text=&#8220;brillen-de2&#8243; align=&#8220;center&#8220; _builder_version=&#8220;4.23.1&#8243; _module_preset=&#8220;default&#8220; custom_margin=&#8220;||0px|||&#8220; global_colors_info=&#8220;{}&#8220;][\/et_pb_image][et_pb_text _builder_version=&#8220;4.23.1&#8243; _module_preset=&#8220;default&#8220; text_orientation=&#8220;center&#8220; global_colors_info=&#8220;{}&#8220;]<\/p>\n<p>Ihr Kooperationspartner von Brillen.de seit 2016.<\/p>\n<p>[\/et_pb_text][\/et_pb_column][et_pb_column type=&#8220;1_2&#8243; _builder_version=&#8220;4.23.1&#8243; _module_preset=&#8220;default&#8220; global_colors_info=&#8220;{}&#8220;][et_pb_text _builder_version=&#8220;4.23.1&#8243; _module_preset=&#8220;default&#8220; custom_margin=&#8220;||8px|||&#8220; global_colors_info=&#8220;{}&#8220;]<\/p>\n<h3>Wir geben Ihnen den n\u00f6tigen Durchblick<\/h3>\n<p>[\/et_pb_text][et_pb_image src=&#8220;https:\/\/www.brillen-kratzmann.de\/cms\/wp-content\/uploads\/2024\/12\/20241121_154559_resized_1.jpg&#8220; title_text=&#8220;Team-BrillenKratzmann&#8220; _builder_version=&#8220;4.23.4&#8243; _module_preset=&#8220;default&#8220; custom_margin=&#8220;||4px|||&#8220; animation_style=&#8220;fold&#8220; border_radii=&#8220;on|25px|25px|25px|25px&#8220; global_colors_info=&#8220;{}&#8220;][\/et_pb_image][et_pb_text _builder_version=&#8220;4.23.1&#8243; _module_preset=&#8220;default&#8220; custom_margin=&#8220;0px||0px||false|false&#8220; custom_padding=&#8220;0px||0px||false|false&#8220; global_colors_info=&#8220;{}&#8220;]<\/p>\n<p>Team Brillen-Kratzmann\u00a0<\/p>\n<p>[\/et_pb_text][\/et_pb_column][\/et_pb_row][\/et_pb_section][et_pb_section fb_built=&#8220;1&#8243; prev_background_color=&#8220;#ffffff&#8220; _builder_version=&#8220;4.23.1&#8243; _module_preset=&#8220;default&#8220; background_color=&#8220;rgba(10,0,0,0.06)&#8220; custom_padding=&#8220;11px||10px||false|false&#8220; top_divider_style=&#8220;ramp2&#8243; border_width_left=&#8220;15px&#8220; border_color_left=&#8220;#E02B20&#8243; global_colors_info=&#8220;{}&#8220;][et_pb_row _builder_version=&#8220;4.23.1&#8243; _module_preset=&#8220;default&#8220; global_colors_info=&#8220;{}&#8220;][et_pb_column type=&#8220;4_4&#8243; _builder_version=&#8220;4.23.1&#8243; _module_preset=&#8220;default&#8220; global_colors_info=&#8220;{}&#8220;][et_pb_team_member name=&#8220;Martin Locher&#8220; position=&#8220;Inhaber&#8220; image_url=&#8220;https:\/\/www.brillen-kratzmann.de\/cms\/wp-content\/uploads\/2023\/12\/Martin-Locher-Brillen-Kratzmann-8367-square.jpg&#8220; _builder_version=&#8220;4.23.1&#8243; _module_preset=&#8220;default&#8220; border_radii_image=&#8220;on|250px|250px|250px|250px&#8220; border_color_all_image=&#8220;RGBA(255,255,255,0)&#8220; locked=&#8220;off&#8220; global_colors_info=&#8220;{}&#8220;]<\/p>\n<p><em>Als erster Ansprechpartner f\u00fcr das gute Sehen sind wir als Augenoptiker in Stuttgart mehr als \u201enur\u201c diejenigen, die sich um die jeweilige optisch, anatomisch und \u00e4sthetisch perfekt auf Ihre individuellen W\u00fcnsche und Bed\u00fcrfnisse angepasste Sehhilfe k\u00fcmmern. Wir sind auch oft die Ersten, die eventuelle Auff\u00e4lligkeiten am Auge feststellen und unsere Kunden zu deren Abkl\u00e4rung an den Augenarzt verweisen.<\/em><\/p>\n<p><em>Wir verschaffen Ihnen meist ohne lange Wartezeiten eine optimale Sicht, wir messen Ihre Sehst\u00e4rke und fertigen daraufhin die perfekten Kontaktlinsen oder die individuell auf Ihre Sehaufgaben zugeschnittene Brille an. Als Gesundheitsberuf hat sich die Augenoptik \u2013 trotz des Einzuges modernster und computergesteuerter Technik \u2013 einen gro\u00dfen Teil echter Handwerksarbeit bewahrt.<\/em><\/p>\n<p>Martin Locher<br \/>Team Brillen Kratzmann<\/p>\n<p>[\/et_pb_team_member][\/et_pb_column][\/et_pb_row][\/et_pb_section][et_pb_section fb_built=&#8220;1&#8243; _builder_version=&#8220;4.23.1&#8243; _module_preset=&#8220;default&#8220; background_color=&#8220;rgba(224,43,32,0.11)&#8220; custom_padding=&#8220;12px||10px||false|false&#8220; border_width_left=&#8220;15px&#8220; border_color_left=&#8220;#E02B20&#8243; global_colors_info=&#8220;{}&#8220;][et_pb_row column_structure=&#8220;1_3,1_3,1_3&#8243; _builder_version=&#8220;4.23.1&#8243; _module_preset=&#8220;default&#8220; background_enable_color=&#8220;off&#8220; module_alignment=&#8220;center&#8220; custom_margin=&#8220;|0px||0px|false|false&#8220; global_colors_info=&#8220;{}&#8220;][et_pb_column type=&#8220;1_3&#8243; _builder_version=&#8220;4.23.1&#8243; _module_preset=&#8220;default&#8220; global_colors_info=&#8220;{}&#8220;][et_pb_text ul_type=&#8220;square&#8220; ul_position=&#8220;inside&#8220; ul_item_indent=&#8220;19px&#8220; _builder_version=&#8220;4.23.1&#8243; _module_preset=&#8220;default&#8220; global_colors_info=&#8220;{}&#8220;]<\/p>\n<h2><strong>Wir zeichnen uns aus durch<\/strong><\/h2>\n<ul>\n<li><strong>Zeiss Relaxed Partner<\/strong><\/li>\n<li><strong>Fernglas Kompetenz Center<\/strong><\/li>\n<li><strong>Kontaktlinsen Spezialist<\/strong><\/li>\n<li><strong>eigene Werkstatt im Haus<\/strong><\/li>\n<li><strong>Anerkannte Sehteststelle f\u00fcr F\u00fchrerscheinbewerber<\/strong><\/li>\n<\/ul>\n<p>[\/et_pb_text][\/et_pb_column][et_pb_column type=&#8220;1_3&#8243; _builder_version=&#8220;4.23.1&#8243; _module_preset=&#8220;default&#8220; global_colors_info=&#8220;{}&#8220;][et_pb_image src=&#8220;https:\/\/www.brillen-kratzmann.de\/cms\/wp-content\/uploads\/2024\/01\/logo_vision_partner-2024.png&#8220; title_text=&#8220;logo_vision_partner-2024&#8243; align=&#8220;center&#8220; _builder_version=&#8220;4.23.4&#8243; _module_preset=&#8220;default&#8220; custom_margin=&#8220;35px||||false|false&#8220; border_radii=&#8220;on|25px|25px|25px|25px&#8220; global_colors_info=&#8220;{}&#8220;][\/et_pb_image][\/et_pb_column][et_pb_column type=&#8220;1_3&#8243; _builder_version=&#8220;4.23.1&#8243; _module_preset=&#8220;default&#8220; global_colors_info=&#8220;{}&#8220;][et_pb_image src=&#8220;https:\/\/www.brillen-kratzmann.de\/cms\/wp-content\/uploads\/2023\/11\/Sehteststelle.png&#8220; title_text=&#8220;Sehteststelle&#8220; align=&#8220;center&#8220; _builder_version=&#8220;4.23.1&#8243; _module_preset=&#8220;default&#8220; max_width=&#8220;62%&#8220; global_colors_info=&#8220;{}&#8220;][\/et_pb_image][\/et_pb_column][\/et_pb_row][\/et_pb_section]<\/p>\n","protected":false},"excerpt":{"rendered":"<p>\u00dcber uns Wer wir sind und was uns ausmachtSeit \u00fcber 70 Jahren ist Brillen Kratzmann Ihr Fachgesch\u00e4ftf\u00fcr perfektes Sehen. Direkt im Herzen von Stuttgart,mit Blick auf das neue und alte Schloss, bieten wir ihnen alles rund um das Thema Sehen. Die Bandbreite unserer Kompetenzen geht weit \u00fcber Brillen,Kontaktlinsen, Ferngl\u00e4ser, Teleskope und Lupen hinaus. Unser langj\u00e4hriges, [&hellip;]<\/p>\n","protected":false},"author":1,"featured_media":0,"parent":0,"menu_order":0,"comment_status":"closed","ping_status":"closed","template":"","meta":{"_et_pb_use_builder":"on","_et_pb_old_content":"<!-- wp:divi\/placeholder \/-->","_et_gb_content_width":"","footnotes":""},"class_list":["post-16","page","type-page","status-publish","hentry"],"yoast_head":"<!-- This site is optimized with the Yoast SEO plugin v24.8.1 - https:\/\/yoast.com\/wordpress\/plugins\/seo\/ -->\n<title>\u00dcber uns - Brillen Kratzmann<\/title>\n<meta name=\"robots\" content=\"index, follow, max-snippet:-1, max-image-preview:large, max-video-preview:-1\" \/>\n<link rel=\"canonical\" href=\"https:\/\/www.brillen-kratzmann.de\/cms\/ueber-uns\/\" \/>\n<meta property=\"og:locale\" content=\"de_DE\" \/>\n<meta property=\"og:type\" content=\"article\" \/>\n<meta property=\"og:title\" content=\"\u00dcber uns - Brillen Kratzmann\" \/>\n<meta property=\"og:description\" content=\"\u00dcber uns Wer wir sind und was uns ausmachtSeit \u00fcber 70 Jahren ist Brillen Kratzmann Ihr Fachgesch\u00e4ftf\u00fcr perfektes Sehen. Direkt im Herzen von Stuttgart,mit Blick auf das neue und alte Schloss, bieten wir ihnen alles rund um das Thema Sehen. Die Bandbreite unserer Kompetenzen geht weit \u00fcber Brillen,Kontaktlinsen, Ferngl\u00e4ser, Teleskope und Lupen hinaus. Unser langj\u00e4hriges, [&hellip;]\" \/>\n<meta property=\"og:url\" content=\"https:\/\/www.brillen-kratzmann.de\/cms\/ueber-uns\/\" \/>\n<meta property=\"og:site_name\" content=\"Brillen Kratzmann\" \/>\n<meta property=\"article:modified_time\" content=\"2024-12-21T15:50:10+00:00\" \/>\n<meta name=\"twitter:card\" content=\"summary_large_image\" \/>\n<script type=\"application\/ld+json\" class=\"yoast-schema-graph\">{\"@context\":\"https:\/\/schema.org\",\"@graph\":[{\"@type\":\"WebPage\",\"@id\":\"https:\/\/www.brillen-kratzmann.de\/cms\/ueber-uns\/\",\"url\":\"https:\/\/www.brillen-kratzmann.de\/cms\/ueber-uns\/\",\"name\":\"\u00dcber uns - Brillen Kratzmann\",\"isPartOf\":{\"@id\":\"https:\/\/www.brillen-kratzmann.de\/cms\/#website\"},\"datePublished\":\"2023-11-16T15:36:46+00:00\",\"dateModified\":\"2024-12-21T15:50:10+00:00\",\"breadcrumb\":{\"@id\":\"https:\/\/www.brillen-kratzmann.de\/cms\/ueber-uns\/#breadcrumb\"},\"inLanguage\":\"de\",\"potentialAction\":[{\"@type\":\"ReadAction\",\"target\":[\"https:\/\/www.brillen-kratzmann.de\/cms\/ueber-uns\/\"]}]},{\"@type\":\"BreadcrumbList\",\"@id\":\"https:\/\/www.brillen-kratzmann.de\/cms\/ueber-uns\/#breadcrumb\",\"itemListElement\":[{\"@type\":\"ListItem\",\"position\":1,\"name\":\"Startseite\",\"item\":\"https:\/\/www.brillen-kratzmann.de\/cms\/\"},{\"@type\":\"ListItem\",\"position\":2,\"name\":\"\u00dcber uns\"}]},{\"@type\":\"WebSite\",\"@id\":\"https:\/\/www.brillen-kratzmann.de\/cms\/#website\",\"url\":\"https:\/\/www.brillen-kratzmann.de\/cms\/\",\"name\":\"Brillen Kratzmann\",\"description\":\"Seit \u00fcber 70 Jahren i Ihr Fachgesch\u00e4ft f\u00fcr perfektes Sehen in Stuttgart\",\"potentialAction\":[{\"@type\":\"SearchAction\",\"target\":{\"@type\":\"EntryPoint\",\"urlTemplate\":\"https:\/\/www.brillen-kratzmann.de\/cms\/?s={search_term_string}\"},\"query-input\":{\"@type\":\"PropertyValueSpecification\",\"valueRequired\":true,\"valueName\":\"search_term_string\"}}],\"inLanguage\":\"de\"}]}<\/script>\n<!-- \/ Yoast SEO plugin. -->","yoast_head_json":{"title":"\u00dcber uns - Brillen Kratzmann","robots":{"index":"index","follow":"follow","max-snippet":"max-snippet:-1","max-image-preview":"max-image-preview:large","max-video-preview":"max-video-preview:-1"},"canonical":"https:\/\/www.brillen-kratzmann.de\/cms\/ueber-uns\/","og_locale":"de_DE","og_type":"article","og_title":"\u00dcber uns - Brillen Kratzmann","og_description":"\u00dcber uns Wer wir sind und was uns ausmachtSeit \u00fcber 70 Jahren ist Brillen Kratzmann Ihr Fachgesch\u00e4ftf\u00fcr perfektes Sehen. Direkt im Herzen von Stuttgart,mit Blick auf das neue und alte Schloss, bieten wir ihnen alles rund um das Thema Sehen. Die Bandbreite unserer Kompetenzen geht weit \u00fcber Brillen,Kontaktlinsen, Ferngl\u00e4ser, Teleskope und Lupen hinaus. Unser langj\u00e4hriges, [&hellip;]","og_url":"https:\/\/www.brillen-kratzmann.de\/cms\/ueber-uns\/","og_site_name":"Brillen Kratzmann","article_modified_time":"2024-12-21T15:50:10+00:00","twitter_card":"summary_large_image","schema":{"@context":"https:\/\/schema.org","@graph":[{"@type":"WebPage","@id":"https:\/\/www.brillen-kratzmann.de\/cms\/ueber-uns\/","url":"https:\/\/www.brillen-kratzmann.de\/cms\/ueber-uns\/","name":"\u00dcber uns - Brillen Kratzmann","isPartOf":{"@id":"https:\/\/www.brillen-kratzmann.de\/cms\/#website"},"datePublished":"2023-11-16T15:36:46+00:00","dateModified":"2024-12-21T15:50:10+00:00","breadcrumb":{"@id":"https:\/\/www.brillen-kratzmann.de\/cms\/ueber-uns\/#breadcrumb"},"inLanguage":"de","potentialAction":[{"@type":"ReadAction","target":["https:\/\/www.brillen-kratzmann.de\/cms\/ueber-uns\/"]}]},{"@type":"BreadcrumbList","@id":"https:\/\/www.brillen-kratzmann.de\/cms\/ueber-uns\/#breadcrumb","itemListElement":[{"@type":"ListItem","position":1,"name":"Startseite","item":"https:\/\/www.brillen-kratzmann.de\/cms\/"},{"@type":"ListItem","position":2,"name":"\u00dcber uns"}]},{"@type":"WebSite","@id":"https:\/\/www.brillen-kratzmann.de\/cms\/#website","url":"https:\/\/www.brillen-kratzmann.de\/cms\/","name":"Brillen Kratzmann","description":"Seit \u00fcber 70 Jahren i Ihr Fachgesch\u00e4ft f\u00fcr perfektes Sehen in Stuttgart","potentialAction":[{"@type":"SearchAction","target":{"@type":"EntryPoint","urlTemplate":"https:\/\/www.brillen-kratzmann.de\/cms\/?s={search_term_string}"},"query-input":{"@type":"PropertyValueSpecification","valueRequired":true,"valueName":"search_term_string"}}],"inLanguage":"de"}]}},"_links":{"self":[{"href":"https:\/\/www.brillen-kratzmann.de\/cms\/wp-json\/wp\/v2\/pages\/16","targetHints":{"allow":["GET"]}}],"collection":[{"href":"https:\/\/www.brillen-kratzmann.de\/cms\/wp-json\/wp\/v2\/pages"}],"about":[{"href":"https:\/\/www.brillen-kratzmann.de\/cms\/wp-json\/wp\/v2\/types\/page"}],"author":[{"embeddable":true,"href":"https:\/\/www.brillen-kratzmann.de\/cms\/wp-json\/wp\/v2\/users\/1"}],"replies":[{"embeddable":true,"href":"https:\/\/www.brillen-kratzmann.de\/cms\/wp-json\/wp\/v2\/comments?post=16"}],"version-history":[{"count":23,"href":"https:\/\/www.brillen-kratzmann.de\/cms\/wp-json\/wp\/v2\/pages\/16\/revisions"}],"predecessor-version":[{"id":514,"href":"https:\/\/www.brillen-kratzmann.de\/cms\/wp-json\/wp\/v2\/pages\/16\/revisions\/514"}],"wp:attachment":[{"href":"https:\/\/www.brillen-kratzmann.de\/cms\/wp-json\/wp\/v2\/media?parent=16"}],"curies":[{"name":"wp","href":"https:\/\/api.w.org\/{rel}","templated":true}]}}