{"id":27,"date":"2023-11-16T15:50:34","date_gmt":"2023-11-16T15:50:34","guid":{"rendered":"https:\/\/www.brillen-kratzmann.de\/cms-new\/?page_id=27"},"modified":"2023-12-01T14:19:36","modified_gmt":"2023-12-01T14:19:36","slug":"impressum","status":"publish","type":"page","link":"https:\/\/www.brillen-kratzmann.de\/cms\/impressum\/","title":{"rendered":"Impressum"},"content":{"rendered":"<p>[et_pb_section fb_built=&#8220;1&#8243; _builder_version=&#8220;4.23.1&#8243; _module_preset=&#8220;default&#8220; global_colors_info=&#8220;{}&#8220;][et_pb_row _builder_version=&#8220;4.23.1&#8243; _module_preset=&#8220;default&#8220; global_colors_info=&#8220;{}&#8220;][et_pb_column type=&#8220;4_4&#8243; _builder_version=&#8220;4.23.1&#8243; _module_preset=&#8220;default&#8220; global_colors_info=&#8220;{}&#8220;][et_pb_heading title=&#8220;@ET-DC@eyJkeW5hbWljIjp0cnVlLCJjb250ZW50IjoicG9zdF90aXRsZSIsInNldHRpbmdzIjp7ImJlZm9yZSI6IiIsImFmdGVyIjoiIn19@&#8220; _builder_version=&#8220;4.23.1&#8243; _dynamic_attributes=&#8220;title&#8220; _module_preset=&#8220;default&#8220; global_colors_info=&#8220;{}&#8220;][\/et_pb_heading][\/et_pb_column][\/et_pb_row][et_pb_row _builder_version=&#8220;4.23.1&#8243; _module_preset=&#8220;default&#8220; global_colors_info=&#8220;{}&#8220;][et_pb_column type=&#8220;4_4&#8243; _builder_version=&#8220;4.23.1&#8243; _module_preset=&#8220;default&#8220; global_colors_info=&#8220;{}&#8220;][et_pb_text _builder_version=&#8220;4.23.1&#8243; _module_preset=&#8220;default&#8220; link_text_color=&#8220;#E02B20&#8243; global_colors_info=&#8220;{}&#8220;]<\/p>\n<p><span>Brillen Kratzmann<\/span><\/p>\n<p>Inh.Martin Locher (e.K.)<br \/><span>K\u00f6nigstr.22<br \/><\/span><span>70173 Stuttgart<br \/><\/span><span>Tel. +49 711 292919<br \/><\/span>Fax +49 711 2263540<\/p>\n<p>E-Mail info@brillen-kratzmann.de<\/p>\n<p>Registergericht: Amtsgericht HRB 7406<br \/>Umsatzsteuer-Identifikationsnummer gem. \u00a7 27a UStG: DE 147573245<br \/>Gerichtsstand ist Stuttgart \/ Baden-W\u00fcrttemberg<\/p>\n<p>Inhaltlich Verantwortlicher gem. \u00a7 55 II RStV: Martin Locher (Anschrift s.o.)<\/p>\n<p><a title=\"Datenschutzerkl\u00e4rung\" href=\"..\/datenschutz\/\">Datenschutzerkl\u00e4rung<\/a><\/p>\n<p><span>Copyright \u00a9 2014 by Brillen Kratzmann<\/span><\/p>\n<p><strong>Bildnachweise:<\/strong><br \/><span><\/span><\/p>\n<p>Video: <a href=\"https:\/\/www.pexels.com\/\">https:\/\/www.pexels.com\/<\/a><br \/><span><\/span>Bilder: <a href=\"emagix.photos\">emagix.photos<\/a>, brillen-kratzmann.de, pixabay.com, freepik.com<span><\/span><\/p>\n<p><span><\/span><\/p>\n<p><span><\/span><\/p>\n<p>Design, Programmierung und Umsetzung durch die Firma<span>\u00a0<\/span><a href=\"http:\/\/www.alsocode.com\" target=\"_blank\" rel=\"noopener noreferrer\" title=\"Webdesign by also(code);\">also(code); &#8211; Ihr Partner f\u00fcr Webdesign und Online Marketing<\/a>.<\/p>\n<p>Alle Rechte vorbehalten.<br \/>Die Urheberrechte dieser Web-Site liegen vollst\u00e4ndig bei den Inhabern von Brillen Kratzmann.<\/p>\n<p>Bildmotive d\u00fcrfen nur f\u00fcr redaktionelle Zwecke genutzt werden. Die Verwendung ist honorarfrei bei Quellenangabe und \u00dcbersendung von zwei kostenlosen Belegexemplaren an o.g. Adresse. Grafische Ver\u00e4nderungen \u2013 au\u00dfer zum Freistellen des Hauptmotivs \u2013 sind nicht gestattet.<\/p>\n<p>Haftungshinweis:<br \/>Trotz sorgf\u00e4ltiger inhaltlicher Kontrolle \u00fcbernehmen wir keine Haftung f\u00fcr die Inhalte externer Links. F\u00fcr den Inhalt der verlinkten Seiten sind ausschlie\u00dflich deren Betreiber verantwortlich.<\/p>\n<p>Brillen Kratzmann ist bem\u00fcht, das Webangebot stets aktuell und inhaltlich richtig sowie vollst\u00e4ndig anzubieten. Dennoch ist das Auftreten von Fehlern nicht v\u00f6llig auszuschlie\u00dfen. Brillen Kratzmann \u00fcbernimmt keine Haftung f\u00fcr die Aktualit\u00e4t, die inhaltliche Richtigkeit sowie f\u00fcr die Vollst\u00e4ndigkeit der in ihrem Webangebot eingestellten Informationen und Angebote, es sei denn, die Fehler wurden vors\u00e4tzlich oder grob fahrl\u00e4ssig aufgenommen. Dies bezieht sich auf eventuelle Sch\u00e4den materieller oder ideeller Art Dritter, die durch die Nutzung dieses Webangebotes verursacht wurden.<\/p>\n<p>[\/et_pb_text][\/et_pb_column][\/et_pb_row][\/et_pb_section]<\/p>\n","protected":false},"excerpt":{"rendered":"<p>Brillen Kratzmann Inh.Martin Locher (e.K.)K\u00f6nigstr.2270173 StuttgartTel. +49 711 292919Fax +49 711 2263540 E-Mail info@brillen-kratzmann.de Registergericht: Amtsgericht HRB 7406Umsatzsteuer-Identifikationsnummer gem. \u00a7 27a UStG: DE 147573245Gerichtsstand ist Stuttgart \/ Baden-W\u00fcrttemberg Inhaltlich Verantwortlicher gem. \u00a7 55 II RStV: Martin Locher (Anschrift s.o.) Datenschutzerkl\u00e4rung Copyright \u00a9 2014 by Brillen Kratzmann Bildnachweise: Video: https:\/\/www.pexels.com\/Bilder: emagix.photos, brillen-kratzmann.de, pixabay.com, freepik.com Design, Programmierung [&hellip;]<\/p>\n","protected":false},"author":1,"featured_media":0,"parent":0,"menu_order":0,"comment_status":"closed","ping_status":"closed","template":"","meta":{"_et_pb_use_builder":"on","_et_pb_old_content":"<!-- wp:divi\/placeholder \/-->","_et_gb_content_width":"","footnotes":""},"class_list":["post-27","page","type-page","status-publish","hentry"],"yoast_head":"<!-- This site is optimized with the Yoast SEO plugin v24.8.1 - https:\/\/yoast.com\/wordpress\/plugins\/seo\/ -->\n<title>Impressum - Brillen Kratzmann<\/title>\n<meta name=\"robots\" content=\"index, follow, max-snippet:-1, max-image-preview:large, max-video-preview:-1\" \/>\n<link rel=\"canonical\" href=\"https:\/\/www.brillen-kratzmann.de\/cms\/impressum\/\" \/>\n<meta property=\"og:locale\" content=\"de_DE\" \/>\n<meta property=\"og:type\" content=\"article\" \/>\n<meta property=\"og:title\" content=\"Impressum - Brillen Kratzmann\" \/>\n<meta property=\"og:description\" content=\"Brillen Kratzmann Inh.Martin Locher (e.K.)K\u00f6nigstr.2270173 StuttgartTel. +49 711 292919Fax +49 711 2263540 E-Mail info@brillen-kratzmann.de Registergericht: Amtsgericht HRB 7406Umsatzsteuer-Identifikationsnummer gem. \u00a7 27a UStG: DE 147573245Gerichtsstand ist Stuttgart \/ Baden-W\u00fcrttemberg Inhaltlich Verantwortlicher gem. \u00a7 55 II RStV: Martin Locher (Anschrift s.o.) Datenschutzerkl\u00e4rung Copyright \u00a9 2014 by Brillen Kratzmann Bildnachweise: Video: https:\/\/www.pexels.com\/Bilder: emagix.photos, brillen-kratzmann.de, pixabay.com, freepik.com Design, Programmierung [&hellip;]\" \/>\n<meta property=\"og:url\" content=\"https:\/\/www.brillen-kratzmann.de\/cms\/impressum\/\" \/>\n<meta property=\"og:site_name\" content=\"Brillen Kratzmann\" \/>\n<meta property=\"article:modified_time\" content=\"2023-12-01T14:19:36+00:00\" \/>\n<meta name=\"twitter:card\" content=\"summary_large_image\" \/>\n<script type=\"application\/ld+json\" class=\"yoast-schema-graph\">{\"@context\":\"https:\/\/schema.org\",\"@graph\":[{\"@type\":\"WebPage\",\"@id\":\"https:\/\/www.brillen-kratzmann.de\/cms\/impressum\/\",\"url\":\"https:\/\/www.brillen-kratzmann.de\/cms\/impressum\/\",\"name\":\"Impressum - Brillen Kratzmann\",\"isPartOf\":{\"@id\":\"https:\/\/www.brillen-kratzmann.de\/cms\/#website\"},\"datePublished\":\"2023-11-16T15:50:34+00:00\",\"dateModified\":\"2023-12-01T14:19:36+00:00\",\"breadcrumb\":{\"@id\":\"https:\/\/www.brillen-kratzmann.de\/cms\/impressum\/#breadcrumb\"},\"inLanguage\":\"de\",\"potentialAction\":[{\"@type\":\"ReadAction\",\"target\":[\"https:\/\/www.brillen-kratzmann.de\/cms\/impressum\/\"]}]},{\"@type\":\"BreadcrumbList\",\"@id\":\"https:\/\/www.brillen-kratzmann.de\/cms\/impressum\/#breadcrumb\",\"itemListElement\":[{\"@type\":\"ListItem\",\"position\":1,\"name\":\"Startseite\",\"item\":\"https:\/\/www.brillen-kratzmann.de\/cms\/\"},{\"@type\":\"ListItem\",\"position\":2,\"name\":\"Impressum\"}]},{\"@type\":\"WebSite\",\"@id\":\"https:\/\/www.brillen-kratzmann.de\/cms\/#website\",\"url\":\"https:\/\/www.brillen-kratzmann.de\/cms\/\",\"name\":\"Brillen Kratzmann\",\"description\":\"Seit \u00fcber 70 Jahren i Ihr Fachgesch\u00e4ft f\u00fcr perfektes Sehen in Stuttgart\",\"potentialAction\":[{\"@type\":\"SearchAction\",\"target\":{\"@type\":\"EntryPoint\",\"urlTemplate\":\"https:\/\/www.brillen-kratzmann.de\/cms\/?s={search_term_string}\"},\"query-input\":{\"@type\":\"PropertyValueSpecification\",\"valueRequired\":true,\"valueName\":\"search_term_string\"}}],\"inLanguage\":\"de\"}]}<\/script>\n<!-- \/ Yoast SEO plugin. -->","yoast_head_json":{"title":"Impressum - Brillen Kratzmann","robots":{"index":"index","follow":"follow","max-snippet":"max-snippet:-1","max-image-preview":"max-image-preview:large","max-video-preview":"max-video-preview:-1"},"canonical":"https:\/\/www.brillen-kratzmann.de\/cms\/impressum\/","og_locale":"de_DE","og_type":"article","og_title":"Impressum - Brillen Kratzmann","og_description":"Brillen Kratzmann Inh.Martin Locher (e.K.)K\u00f6nigstr.2270173 StuttgartTel. +49 711 292919Fax +49 711 2263540 E-Mail info@brillen-kratzmann.de Registergericht: Amtsgericht HRB 7406Umsatzsteuer-Identifikationsnummer gem. \u00a7 27a UStG: DE 147573245Gerichtsstand ist Stuttgart \/ Baden-W\u00fcrttemberg Inhaltlich Verantwortlicher gem. \u00a7 55 II RStV: Martin Locher (Anschrift s.o.) Datenschutzerkl\u00e4rung Copyright \u00a9 2014 by Brillen Kratzmann Bildnachweise: Video: https:\/\/www.pexels.com\/Bilder: emagix.photos, brillen-kratzmann.de, pixabay.com, freepik.com Design, Programmierung [&hellip;]","og_url":"https:\/\/www.brillen-kratzmann.de\/cms\/impressum\/","og_site_name":"Brillen Kratzmann","article_modified_time":"2023-12-01T14:19:36+00:00","twitter_card":"summary_large_image","schema":{"@context":"https:\/\/schema.org","@graph":[{"@type":"WebPage","@id":"https:\/\/www.brillen-kratzmann.de\/cms\/impressum\/","url":"https:\/\/www.brillen-kratzmann.de\/cms\/impressum\/","name":"Impressum - Brillen Kratzmann","isPartOf":{"@id":"https:\/\/www.brillen-kratzmann.de\/cms\/#website"},"datePublished":"2023-11-16T15:50:34+00:00","dateModified":"2023-12-01T14:19:36+00:00","breadcrumb":{"@id":"https:\/\/www.brillen-kratzmann.de\/cms\/impressum\/#breadcrumb"},"inLanguage":"de","potentialAction":[{"@type":"ReadAction","target":["https:\/\/www.brillen-kratzmann.de\/cms\/impressum\/"]}]},{"@type":"BreadcrumbList","@id":"https:\/\/www.brillen-kratzmann.de\/cms\/impressum\/#breadcrumb","itemListElement":[{"@type":"ListItem","position":1,"name":"Startseite","item":"https:\/\/www.brillen-kratzmann.de\/cms\/"},{"@type":"ListItem","position":2,"name":"Impressum"}]},{"@type":"WebSite","@id":"https:\/\/www.brillen-kratzmann.de\/cms\/#website","url":"https:\/\/www.brillen-kratzmann.de\/cms\/","name":"Brillen Kratzmann","description":"Seit \u00fcber 70 Jahren i Ihr Fachgesch\u00e4ft f\u00fcr perfektes Sehen in Stuttgart","potentialAction":[{"@type":"SearchAction","target":{"@type":"EntryPoint","urlTemplate":"https:\/\/www.brillen-kratzmann.de\/cms\/?s={search_term_string}"},"query-input":{"@type":"PropertyValueSpecification","valueRequired":true,"valueName":"search_term_string"}}],"inLanguage":"de"}]}},"_links":{"self":[{"href":"https:\/\/www.brillen-kratzmann.de\/cms\/wp-json\/wp\/v2\/pages\/27","targetHints":{"allow":["GET"]}}],"collection":[{"href":"https:\/\/www.brillen-kratzmann.de\/cms\/wp-json\/wp\/v2\/pages"}],"about":[{"href":"https:\/\/www.brillen-kratzmann.de\/cms\/wp-json\/wp\/v2\/types\/page"}],"author":[{"embeddable":true,"href":"https:\/\/www.brillen-kratzmann.de\/cms\/wp-json\/wp\/v2\/users\/1"}],"replies":[{"embeddable":true,"href":"https:\/\/www.brillen-kratzmann.de\/cms\/wp-json\/wp\/v2\/comments?post=27"}],"version-history":[{"count":6,"href":"https:\/\/www.brillen-kratzmann.de\/cms\/wp-json\/wp\/v2\/pages\/27\/revisions"}],"predecessor-version":[{"id":333,"href":"https:\/\/www.brillen-kratzmann.de\/cms\/wp-json\/wp\/v2\/pages\/27\/revisions\/333"}],"wp:attachment":[{"href":"https:\/\/www.brillen-kratzmann.de\/cms\/wp-json\/wp\/v2\/media?parent=27"}],"curies":[{"name":"wp","href":"https:\/\/api.w.org\/{rel}","templated":true}]}}